et r = 7745 + -7711. What is the remainder when 573 is divided by r?
29
Let j = 198 - 116. Let z(t) = t**3 + 5*t**2 + t - 11. Let d be z(-4). Calculate the remainder when j is divided by 3 - (-14 + (12*d)/4).
12
Calculate the remainder when ((-15352)/988)/((-1)/26) is divided by 92.
36
Suppose 18*k - 68 = 4. What is the remainder when 64 is divided by (k/(-10))/(20/(-1150))?
18
Let v(a) = -3*a - 4. Let g be v(-3). Let c be ((-2)/6)/(g/(-120)) - 1. Let x(d) = -d**3 + 8*d**2 - 5. Calculate the remainder when x(c) is divided by 23.
21
Let f = 2380 - 2280. What is the remainder when 899 is divided by f?
99
Suppose 128 = u - 5*z - 50, u - 192 = -2*z. What is the remainder when 3945 is divided by u?
185
Let g = -4190 + 4349. Calculate the remainder when g is divided by 27.
24
Let j = 13 - -35. Let m = 55 - 52. Suppose 8*t + 5*b = m*t + 60, 34 = 3*t + 5*b. Calculate the remainder when j is divided by t.
9
Suppose -11*k + 372 = -453. Let y be (-1)/3 + 137/(-3). Let g = y + k. What is the remainder when g is divided by 10?
9
Suppose -5*q + 4809 = -2*v, -49*q + 3*v = -52*q + 2919. What is the remainder when q is divided by 482?
1
Suppose 462 = 20*r - 13*r + 26*r. What is the remainder when 2304 is divided by r?
8
Suppose 153*q + 4*s = 156*q + 7, q = 5*s - 28. Calculate the remainder when 97 is divided by q.
6
Suppose 21060 = 5*n - y, -705 = 2*n - 2*y - 9137. What is the remainder when n is divided by 13?
12
Let k = 54 + -74. Let s be ((-24)/k)/((-1)/(-50)). Let j = s + -50. Calculate the remainder when 34 is divided by j.
4
Let k(g) = -13*g + 204. What is the remainder when 1677 is divided by k(13)?
32
Suppose -115*n + 81734 + 44651 = 0. Calculate the remainder when n is divided by 51.
28
Let z(q) = 2*q**3 - 286*q**2 - 875*q - 17. Calculate the remainder when z(146) is divided by (6/15)/(3/30).
1
Let x = 216 + -176. Let n(g) = -g**2 - 22*g - 28. Let s(k) = -6*k**2 - 6*k - 3. Let r be s(-2). Calculate the remainder when n(r) is divided by x.
37
Let s = 11 - 7. Suppose -3*i = -2*l + 66, -s*i - 30 - 13 = -l. Suppose -313*o - 129*o = -6188. Calculate the remainder when l is divided by o.
13
Suppose -2*n - 3*n + 95 = 0. Suppose -6*y = 42 - 84. Calculate the remainder when 646/y - (-48)/(-168) is divided by n.
16
Let x(l) = l + 18. Let n be x(2). Suppose -n*r + 2070 = 390. Calculate the remainder when r is divided by 33.
18
Let k = 1148 + -763. Let j = k + -371. Calculate the remainder when 68 is divided by j.
12
Let d = 87593 - 87562. What is the remainder when d is divided by ((-1)/(-2))/(3/12)?
1
What is the remainder when 2049 is divided by 16/24*72 - 22?
21
Suppose 8*y - 13*y = 3*v - 68, -5*v = 2*y - 107. What is the remainder when 1080/14 + 0 - 3/v is divided by 26?
25
Let u be (-9 + 8)/((-1)/(-107)). Let n = u + 150. Let y = -23 + n. Calculate the remainder when 76 is divided by y.
16
Let j(n) = -4*n**2 - 46*n - 22. Let h be j(-11). Suppose -4*p + 8 + 292 = h. What is the remainder when p is divided by 11?
9
Suppose -5*n + 2028 = 2*j, -1120*n - 1216 = -1123*n - j. What is the remainder when n is divided by 80?
4
Let r(w) = -267*w - 6928. Let l = 8 - -73. What is the remainder when l is divided by r(-26)?
11
Let o(t) = t**3 - 13*t**2 + 2. Let f be o(13). Suppose -27 = -2*c - f*r + 3, 4*r + 36 = 4*c. Let k(d) = d. Calculate the remainder when c is divided by k(9).
3
Let u(x) = 14*x**2 - 73*x + 166. Let y(o) = 5*o**2 - 24*o + 56. Let z(q) = 4*u(q) - 11*y(q). What is the remainder when z(28) is divided by 13?
9
Suppose q - 4*p - 338 = 0, 3*q = 9*p + 514 + 497. What is the remainder when q is divided by 179?
155
Let f = 31190 + -26094. Calculate the remainder when f is divided by 25.
21
Let d(z) = 3*z**3 + 9*z**2 - z + 41. Calculate the remainder when 226 is divided by d(0).
21
Let t be 4/14 - (192/(-14) - 1). Calculate the remainder when (-24)/20*(-60)/27*t is divided by 33.
7
Let d = 27369 - 25640. What is the remainder when d is divided by 51?
46
Calculate the remainder when 299 is divided by 6760/60 - 8/12.
75
Let n(v) = -2*v**3 + 183*v**2 + 99*v - 619. Let g be (-2)/(-3) + 38/6. What is the remainder when n(92) is divided by g*4*(-1)/(-2)?
11
Let i be 2 + (7 + -3 - -352). Suppose -4*p + i = 50. Calculate the remainder when p is divided by (54/(-12))/((-8)/48).
23
Suppose 4*j - a - 136 = 0, 5*j - 176 = 2*a - 0. Calculate the remainder when 33 is divided by j.
1
Let g(i) = 107*i + 7678. Calculate the remainder when 18385 is divided by g(-71).
79
Let d(l) = -5112 + 5*l - 29*l + 5073. What is the remainder when 280 is divided by d(-4)?
52
Calculate the remainder when (103516/98)/(1/7) is divided by 51.
50
Let i(r) = 2*r**2 - 2*r - 1. Let c be i(-1). Suppose 5 = -d, u + 0*d = c*d + 26. Calculate the remainder when 105/14*23/(-230)*-52 is divided by u.
6
Let x = 1558 - 1068. Calculate the remainder when x is divided by 38.
34
Suppose -4*i - 60 = -3*f, f + 77 = 6*f + i. Let m = 84 - f. Let j = 4 - -19. Calculate the remainder when m is divided by j.
22
Let j be 5 + -7 + 1 + 0 + 1. Suppose j = 4*v - 12, -p + 305 = p - v. What is the remainder when p is divided by 23?
16
Let v be (-185)/7 - 12/(-28). Let w = 56 + v. What is the remainder when w is divided by 17?
13
Let l be (2/2*74)/(-2). Suppose 3*m + 73 = m - 5*n, 5*m - 4*n = -100. Let t = m - l. Calculate the remainder when 24 is divided by t.
11
Suppose -14*n + 306 = -20*n. What is the remainder when 27 is divided by ((-14)/4)/(n/102)?
6
Let g = -769 - -790. Calculate the remainder when 78 is divided by (-567)/18*(-28)/g.
36
Let j = 29 - 36. Let o be (4/(-2) - 0)/(j/14). Suppose -3*t = 15, t = -4*l + o*t + 175. Calculate the remainder when 79 is divided by l.
39
Let c(v) = 15*v - 138. Let q be c(6). Calculate the remainder when (-10)/8 - 1404/q is divided by 4.
0
Let j be (225/(-24))/(-3) + 5/(-40). Suppose j*a - 56 = -20. Suppose 0 = 7*b - a*b + 650. Calculate the remainder when b is divided by 22.
20
Let q(y) = 2*y**2 + 69*y - 264. Calculate the remainder when 330 is divided by q(-39).
69
Suppose -9433 = -53*t - 2543. What is the remainder when t is divided by 30 - -2 - (-1)/1?
31
Let g(y) = 55*y - 2282. Calculate the remainder when g(46) is divided by 11.
6
Suppose -y - 61 = u + 6, -5*u = -2*y - 141. Let b = -27 - y. Suppose b = 3*p - 4*l - 2, -2*p + 28 = -2*l. What is the remainder when 60 is divided by p?
8
Suppose -3*w + 137 = r, 3*r = -2*w + 23 + 66. Suppose 14*i - 38*i = 42*i - 1980. What is the remainder when w is divided by i?
16
Let v be (3/(-2))/(15/(-40)). Suppose 0 = -v*z - 12 - 4, 0 = -5*g - 5*z + 50. Let d(j) = -j**2 + 16*j - 9. What is the remainder when d(8) is divided by g?
13
Suppose -183*j + 14146 + 3971 = 0. Calculate the remainder when j is divided by 8.
3
Let q(c) = 2*c - 3*c + 15 + 66. Suppose 4*x - 20 = 2*s - 4*s, -10 = -s + 4*x. What is the remainder when q(-8) is divided by s?
9
Suppose -3*q - 6*q = -q. Suppose 11*r + 10 - 87 = q. What is the remainder when 61 is divided by r?
5
Let y = -897 - -987. What is the remainder when 897 is divided by y?
87
Let r(v) = v**2. Let l(o) = o**3 + 5*o**2 - 11*o + 3. Let x(z) = -l(z) - 2*r(z). Let u be x(-8). Let q = u + 52. What is the remainder when 72 is divided by q?
22
Let f(y) = 2*y + 23. Let j be f(-10). Suppose u + j = 2*u. What is the remainder when 11/(-33)*u*-17 is divided by 5?
2
Let d(g) = g**3 + 3*g**2 + 6*g + 2. Let w be d(-2). What is the remainder when 97 is divided by ((-68)/6)/(160/(-24) - w)?
12
Suppose 4*z - 308 = r, -4*r = -3*z + 7 + 224. Suppose -z*m = -79*m + 40. Calculate the remainder when 439 is divided by m.
19
Let t(m) be the first derivative of -27*m**4/2 + 2*m**2 + 4*m - 55. Calculate the remainder when 157 is divided by t(-1).
49
Suppose 104*g - 15293 = -43*g - 226*g. What is the remainder when g is divided by 17 + -1 + 4 + -5?
11
Let n = -281 - -281. Suppose -27*u + 42*u - 1215 = n. Calculate the remainder when 888 is divided by u.
78
What is the remainder when ((-3)/4 + -49 + 6)*(-8)/1 is divided by 69?
5
Suppose 6*z - 11*z + 2*l + 28 = 0, -5*l = 20. What is the remainder when 1009 is divided by z?
1
Let p = 3735 + -3544. Calculate the remainder when 1525 is divided by p.
188
Suppose 2*w - 102 + 96 = 0. What is the remainder when 56 is divided by w*((-68)/(-6) - 4)?
12
Suppose -5*j + 104 = -5*r - 2*j, 4*j 